c) = -81*c + 28. What are the prime factors of x(-6)?
2, 257
Let q be (-1 - (-2)/1) + (-42)/(-6). Let x(z) be the first derivative of z**3/3 - 3*z**2 - 10*z + 2. List the prime factors of x(q).
2, 3
Suppose 53 + 379 = 2*c. What are the prime factors of c?
2, 3
Let m be 66 - (2 + (-2 - 0)). Suppose -60 = -2*c + m. What are the prime factors of c?
3, 7
Suppose -5*q + 238 - 2193 = 0. Let i = -137 - q. List the prime factors of i.
2, 127
Let d be ((-5)/(-6))/((-7)/(-42)). Suppose 187 = 3*f + d*i, 3*f + 133 = 5*f - 5*i. List the prime factors of f.
2
Suppose 0 = -3*s + 3 + 3. Suppose -s*y = -7*y + 150. List the prime factors of y.
2, 3, 5
Let c(k) = -k**2 - 6*k - 2. Let d be c(-5). Suppose 0 = -4*o - d*v + 291, 5*o - 4*v - 192 - 195 = 0. What are the prime factors of o?
3, 5
Let g(o) = 2*o**3 + 2*o**2 - 4. Let p be -30*((-21)/(-6) + -4). Let f be (15/(-6))/(p/(-12)). List the prime factors of g(f).
2, 5
Suppose 55 = -4*x + 319. Let n be (-22)/(-77) + x/14. Suppose -n*y + 22 = -4*p - 49, 2*p = -4*y + 36. List the prime factors of y.
11
Let z(d) = 3*d**3 - 17*d**2 - 3. Let m(x) = x**3 - 6*x**2 - 1. Let n(k) = 17*m(k) - 6*z(k). Let g be n(-3). Let j = 39 - g. List the prime factors of j.
11
Let i = 0 - -5. Suppose -i*t + 5 = -30. Suppose -u + 8 = -3*k, 3*u = t*k - 3*k + 39. What are the prime factors of u?
17
Let j = -4 + 4. Suppose 5*c - 3*c = j. List the prime factors of c - 12/(3/(-1)).
2
Let v be 2*1*(3 - (3 - -1)). Let a(i) = -9*i**3 - 2*i**2 + 3*i + 5. List the prime factors of a(v).
3, 7
Let m be -5*((-3)/1 - -2). Suppose -3*u = -5*j + 208, -4*u - m*j + j - 320 = 0. Let q = -52 - u. What are the prime factors of q?
2, 3
Let z(p) = -2*p**3 - 13*p**2 + 8*p + 63. List the prime factors of z(-10).
683
List the prime factors of (-4)/(-12)*-3*(2 + -615).
613
Let s be (-1)/((-531)/530 + 1). Suppose 9*r - 19 = s. List the prime factors of r.
61
Let n = -123 + 202. Suppose 4*q - 41 = n. List the prime factors of q.
2, 3, 5
Let z = -11 + 11. Suppose 159 = -z*f + f. Suppose 5*k = r + f, -r = k - 13 - 20. List the prime factors of k.
2
Let f(d) = -67*d + 73. What are the prime factors of f(-6)?
5, 19
Suppose 5*t - p - 187 = 4*t, 5*t - 935 = -4*p. Suppose 0 = -3*v + 150 - 39. Suppose -25 = 5*b, -t = -4*q + 2*b - v. What are the prime factors of q?
5, 7
Let r(t) = 4 - t + t**3 - 11*t**2 - 9*t + 18*t**2. Let n = 20 - 28. List the prime factors of r(n).
2, 5
Let u = 12 - 10. Let m = 5 - u. Suppose -m*h - 5 = -125. List the prime factors of h.
2, 5
Suppose 2*x = 6*x - 20. What are the prime factors of 58 + (x - (-8)/(-2))?
59
Suppose 5*h + 54 = -h. Let j(u) = u**3 + 11*u**2 + 5*u - 3. What are the prime factors of j(h)?
2, 3, 19
Let o be 9/(-21) - -1 - (-2048)/(-56). Let n = 55 - o. What are the prime factors of n?
7, 13
Let m be (-9 + 11)/(4/(-6)). Let c(p) = -11*p - 13. List the prime factors of c(m).
2, 5
Let p be (-1)/(4/(-288)*-1). Let k = -47 - p. What are the prime factors of k?
5
Let o(f) = -f**3 - 12*f**2 + 36*f + 17. List the prime factors of o(-18).
13, 101
Let p = 11 + -31. Let r = p - -82. List the prime factors of r.
2, 31
Let t(p) = p**2 + 48*p + 25. List the prime factors of t(23).
2, 829
Suppose 3*y - 1561 = 158. What are the prime factors of (-1)/(-3) + y/9?
2
Suppose w = 4*w - 6. Suppose -w*d + 3*h = -331, -h + 2*h = 3*d - 486. What are the prime factors of d?
7, 23
Suppose -2*f = -2*y - 322 + 32, 2*y + 10 = 0. Suppose -7*b + f = -2*b. What are the prime factors of b?
2, 7
Let q(k) = 11*k + 47. Let x be q(-5). What are the prime factors of -1*358/x*(-156)/(-39)?
179
Suppose 0 = -8*s + 3*s. Suppose s = -3*j - 6 + 21. Suppose -j*r = -7*r + 36. List the prime factors of r.
2, 3
Suppose -3*g - 18 = 3*m, m - g = -0*m - 8. Let d = 13 + m. Suppose -45 = -2*f + b, d*b - b - 75 = -2*f. List the prime factors of f.
5
Suppose 0 = b + 3*b + 776. Let c = 312 + b. Suppose 3*g + c = 4*w, -46 = -w + 5*g - 8. What are the prime factors of w?
2, 7
Let q(v) = -v + 48. Let s(x) = 3*x - 145. Let n(h) = -11*q(h) - 4*s(h). List the prime factors of n(-14).
2, 3, 11
Let v = 42 - -14. Let i be 1 + 0 + (-2)/(-2). Suppose -3*n = 4*g - 0*g - v, -3*g - 9 = -i*n. What are the prime factors of n?
2, 3
Let t be (36/(-4))/3 - 8. Let j(x) = -x**3 - 11*x**2 - 3*x + 9. What are the prime factors of j(t)?
2, 3, 7
Suppose 4*s + s - 3*n = 35, 5*s = -5*n - 5. Suppose -q + s*c + 149 = 0, q + 2*q = 4*c + 431. List the prime factors of q.
3, 47
Suppose 0*u - 18 = -6*u. Suppose -u*g - 5*l + 48 = 0, l = g - l - 5. Suppose -o - 2*n = -g, -4*o + 54 = -0*n + 3*n. What are the prime factors of o?
3, 5
Let a(r) = r**2 + 2. Let y be a(-2). Let x(o) = 9*o**2 - 18*o + 9. What are the prime factors of x(y)?
3, 5
Let o = 34 + -28. Suppose 19 - 181 = -o*c. What are the prime factors of c?
3
Let o = -23 - -16. Let r = 11 + o. List the prime factors of 6/(((-5)/r)/(-5)).
2, 3
Suppose 28*y = 33*y + 4*i - 2104, 0 = 5*y + 5*i - 2100. List the prime factors of y.
2, 53
Suppose -13608 = 6160*z - 6163*z. List the prime factors of z.
2, 3, 7
Suppose -5*h = -v + 108, 3*h + 0 = -4*v - 74. List the prime factors of -2 + -1 + (-10)/(-5) - h.
3, 7
Suppose 7*n = 13*n + 876. Let f = -50 - n. List the prime factors of f.
2, 3
Let u = 11 - 5. Suppose 0*l = 2*l + u. What are the prime factors of (-136)/(-12) + (-2)/l?
2, 3
Suppose -t + 3 = -4*b + 17, 0 = 5*b + 3*t - 9. Let h(d) = 2*d**3 - 3*d**2 - 2*d + 3. Let j be h(b). Let u = 12 + j. List the prime factors of u.
2, 3
Suppose 5*p = 4*z - 52, -26 = 2*z + p - 66. What are the prime factors of z?
2, 3
Let p(t) = t**2 - 18*t + 8. Let u be p(14). Let c = -37 - u. Suppose c - 203 = -3*q. What are the prime factors of q?
2
Let h(i) = 2*i**2 - 13*i - 8. Let c(y) = -3*y - 22. Let w be c(-11). What are the prime factors of h(w)?
7, 13
Let a be (-12)/(-2)*(-50)/(-60). Suppose -a*q - 3*f = -319, 2*q = 4*q + 2*f - 130. List the prime factors of q.
2, 31
Suppose -6*v + 476 = -436. Let p = v - 103. List the prime factors of p.
7
List the prime factors of (68/(-16) + 4)/(8/(-42592)).
11
Suppose 215 = y + 3*v - 189, 1661 = 4*y + 3*v. What are the prime factors of y?
419
Suppose 92*u = 94*u - 4254. List the prime factors of u.
3, 709
Let o(y) = 14*y**2 + 26*y + 139. What are the prime factors of o(-15)?
13, 223
Suppose -3168 - 2826 = -3*n. List the prime factors of n.
2, 3, 37
Let q = -9 - -11. Suppose q*w - w - 17 = 4*i, 5*w + 2*i - 19 = 0. What are the prime factors of -2*(-1 + w/(-2))?
7
Suppose -80 = -2*a + 2*h, h = 4*a + a - 212. Suppose -8*s = -0*s. Suppose s*b = -b + a. What are the prime factors of b?
43
What are the prime factors of ((-80)/15 - (-2 - 1))*-144?
2, 3, 7
Let j be (-6 + -13)/((4/6)/2). Let w = 103 - j. List the prime factors of w.
2, 5
Let m(z) = 38*z**2 - z - 2. Let g be m(2). Suppose -r + g + 45 = y, -3*y - 185 = -r. List the prime factors of r.
191
Suppose -5*m - 4 = -44. List the prime factors of (11/(44/m))/(4/178).
89
Suppose -4*p + 2*z - 7*z = -5, 0 = -3*p - 3*z + 6. Suppose -2*l - p*k + 423 = 2*l, 2*k = -2. What are the prime factors of l?
107
Let i(o) = 0*o + 3 - 1 + 16 - o. List the prime factors of i(15).
3
Let m be (3 - 21/4)/(9/(-12)). Let b = 8 + m. List the prime factors of b.
11
Let a(i) = 2*i**2 + 4*i - 15. Let d(v) = v**3 + v**2 - v - 7. Let h be d(0). What are the prime factors of a(h)?
5, 11
Let z(r) = 26*r + 5. Let v be z(5). Suppose 3*a + v = 6*a. Suppose a = 4*h - 7. What are the prime factors of h?
13
Let i = -661 + 956. What are the prime factors of i?
5, 59
Let z(u) = 40*u - 9. Let t be z(6). Let f = -287 - -285. What are the prime factors of 1*f*t/(-22)?
3, 7
Let v(b) be the first derivative of b**4/4 - b**3 + b**2 + 3*b + 1. List the prime factors of v(4).
3
Suppose 694*w - 171 = 693*w. List the prime factors of w.
3, 19
Let i(y) = -6*y**2 + 20*y**2 - 33*y + 3 - 5 + 29*y. Suppose -c + 3*d - d - 4 = 0, 2*c - 3*d = -5. What are the prime factors of i(c)?
2, 23
Suppose 0 = 57*w - 58*w + 1137. What are the prime factors of w?
3, 379
Let f(a) = -a**3 + 6*a**2 + 6*a + 10. Let c be f(7). Suppose -c*x + 117 = 3*r - 2*x, x = -3. List the prime factors of r.
2, 5
Let w(x) = 2*x - 15. Let z be w(8). List the prime factors of (2 - z)/((-8)/(-32)).
2
Suppose -174*l - 3550 = -179*l. List the prime factors of l.
2, 5, 71
Suppose 2*u = 12*u - 